. Give f(-13).
104
Let v(i) = 7*i + 33. Give v(-14).
-65
Let b(r) = -r**2 - 4*r + 11. What is b(-9)?
-34
Let p(w) = w**3 - 9*w**2 - 6*w + 23. Determine p(8).
-89
Let s(r) = -r**3 - 22*r**2 + 2*r + 33. What is s(-22)?
-11
Let u(z) = -z**2 - 3*z + 5. Calculate u(-6).
-13
Let d(b) = b**2 - 7*b + 15. Determine d(8).
23
Let a(g) = 3*g - 8. Give a(-8).
-32
Let z(x) = -2*x + 22. Determine z(-6).
34
Let p(h) = -h**3 + 15*h**2 - 27*h + 13. Determine p(13).
0
Let g(f) = f**2 + 38*f + 304. Give g(-12).
-8
Let u(a) = -a**3 - 9*a**2 - 5*a - 26. Give u(-9).
19
Let j(c) = 23*c + 229. Give j(-9).
22
Let n(o) = o**2 - 4*o - 11. What is n(-3)?
10
Let w(o) = 22*o - 401. Determine w(18).
-5
Let g(k) = -4*k**2 + 13*k + 2. Determine g(6).
-64
Let a(p) = -3*p**2 - 12*p + 33. Determine a(-6).
-3
Let j(z) = 2*z - 14. Give j(-5).
-24
Let v(u) = u**2 - 6*u + 5. Calculate v(4).
-3
Let b(p) = -3*p - 28. Determine b(-12).
8
Let s(n) = n**3 + 4*n**2 - 4. Determine s(-5).
-29
Let w(v) = 8*v**2 - 8*v + 6. Determine w(4).
102
Let o(y) = y**3 + 5*y**2 - 2*y + 2. Give o(-3).
26
Let p(d) = -d**3 - 3*d**2 - 4*d - 4. What is p(-2)?
0
Let r(c) = -14*c - 57. Give r(-4).
-1
Let w(p) = p**2 + 14*p - 16. Give w(-14).
-16
Let b(o) = 4*o + 76. Determine b(-20).
-4
Let q(a) = -a**3 - 16*a**2 - 16*a - 14. Give q(-15).
1
Let u(z) = -z**2 - 22*z - 27. What is u(-21)?
-6
Let s(b) = -11*b + 200. Give s(18).
2
Let n(g) = 11*g - 18. What is n(-4)?
-62
Let y(l) = 5*l**2 + 47*l + 19. Give y(-9).
1
Let t(s) = s**3 + 12*s**2 - 9*s - 22. Calculate t(-12).
86
Let s(m) = -2*m**2 - 2*m + 6. Give s(-3).
-6
Let x(s) = s**3 - 3*s**2 + 5*s - 8. Calculate x(4).
28
Let i(d) = 4*d - 20. Determine i(8).
12
Let k(h) = 11*h + 2. What is k(-5)?
-53
Let b(j) = -j**2 + 7*j + 29. What is b(6)?
35
Let f(q) = -8*q + 39. What is f(16)?
-89
Let l(h) = h**3 + 10*h**2 + 2*h + 15. Give l(-10).
-5
Let p(h) = -4*h**3 - 26*h**2 + 13*h - 10. Calculate p(-7).
-3
Let f(c) = c**3 + 2*c**2 - 13*c - 8. Calculate f(-5).
-18
Let s(p) = -8*p + 8. Calculate s(2).
-8
Let s(l) = 2*l**3 - l**2 + 5*l - 1. Calculate s(2).
21
Let s(i) = i**2 + 3. What is s(-5)?
28
Let x(g) = g**2 + 18*g + 20. Calculate x(-17).
3
Let s(m) = 15*m + 3. What is s(5)?
78
Let r(l) = -l**2 + l + 2. What is r(8)?
-54
Let f(p) = p**3 + 2*p**2 - 18*p + 26. Determine f(-6).
-10
Let z(r) = 2*r**3 + 17*r**2 - 8*r - 7. What is z(-9)?
-16
Let a(u) = -u**3 - 9*u**2 - 3*u + 2. Calculate a(-8).
-38
Let p(r) = r**2 + 13*r + 83. Give p(-14).
97
Let x(q) = -3*q - 17. Determine x(-8).
7
Let m(j) = 4*j + 30. What is m(-7)?
2
Let b(r) = r**3 - 7*r**2 - 6*r + 9. What is b(7)?
-33
Let a(b) = b**2 + 2*b - 20. Calculate a(4).
4
Let r(v) = v + 17. Calculate r(6).
23
Let n(z) = -z - 18. Determine n(20).
-38
Let x(d) = -4*d - 15. Determine x(-7).
13
Let g(f) = f**2 - 6*f - 1. What is g(8)?
15
Let s(r) = -r**3 - 22*r**2 - 108*r - 27. Determine s(-15).
18
Let s(w) = -2*w**2 + 7*w - 1. What is s(6)?
-31
Let l(w) = -w**3 - 7*w**2 + w - 7. Determine l(-7).
-14
Let k(p) = 4*p**2 + 4. Determine k(-2).
20
Let w(m) = m**3 + 11*m**2 + 11*m + 12. Determine w(-10).
2
Let f(y) = y**2 - 4*y - 11. Determine f(7).
10
Let t(a) = -4*a + 25. What is t(6)?
1
Let r(x) = -x**2 + 9*x - 8. What is r(9)?
-8
Let s(k) = k**2 - 17*k - 15. What is s(18)?
3
Let f(l) = -2*l**2 - 21*l - 15. Determine f(-9).
12
Let d(s) = -3*s**2 + 19*s - 3. Determine d(6).
3
Let w(s) = -2*s**2 - s + 15. Give w(-5).
-30
Let c(n) = n - 8. Determine c(4).
-4
Let n(s) = 15*s - 290. Determine n(20).
10
Let n(b) = b**3 + 13*b**2 + 23*b + 12. Give n(-11).
1
Let r(n) = -n**3 + 6*n**2 + 2*n - 14. What is r(6)?
-2
Let r(u) = u**2 + 10*u + 4. What is r(-5)?
-21
Let a(d) = -2*d + 32. What is a(13)?
6
Let r(a) = 20*a + 126. What is r(-4)?
46
Let u(x) = x + 9. Give u(2).
11
Let t(n) = -n**3 + 7*n**2 - 12*n + 3. What is t(5)?
-7
Let q(h) = -4*h**3 - 3*h - 3. Give q(-2).
35
Let d(x) = x**2 + 5*x + 3. What is d(3)?
27
Let d(m) = -24*m + 49. Calculate d(2).
1
Let y(z) = 3*z. Calculate y(-2).
-6
Let o(r) = -8*r - 6. Calculate o(0).
-6
Let m(d) = 3*d**2 - 31*d + 30. Give m(9).
-6
Let c(j) = -j**3 - 12*j**2 - j + 28. What is c(-12)?
40
Let g(r) = 5*r**2 + 32*r - 9. Give g(-8).
55
Let g(m) = 9*m - 41. Calculate g(5).
4
Let q(g) = -g - 65. What is q(-12)?
-53
Let b(z) = 2*z**2 - 3*z + 2. Give b(3).
11
Let q(u) = u**2 - 11*u - 7. Calculate q(12).
5
Let b(v) = -4*v. Calculate b(5).
-20
Let j(a) = -12*a - 188. Determine j(-16).
4
Let o(s) = s**3 + 3*s**2 + 2*s + 3. Determine o(-2).
3
Let c(w) = 7*w + 40. Calculate c(-7).
-9
Let y(b) = b**2 + 6*b - 4. Give y(-7).
3
Let l(c) = -4*c + 78. Give l(21).
-6
Let k(a) = -5*a**2 - 33*a - 10. Determine k(-6).
8
Let g(u) = 2*u**2 - 11*u - 6. Give g(10).
84
Let j(g) = 2*g**2 + 12*g - 8. Calculate j(-6).
-8
Let i(q) = -7*q - 83. Give i(-12).
1
Let n(h) = -h**3 - 7*h**2 - 2*h - 2. Give n(-6).
-26
Let s(x) = -x**3 - 4*x**2 - 2*x - 12. What is s(-4)?
-4
Let n(c) = -c**3 + 6*c**2 - 7*c + 9. What is n(6)?
-33
Let i(r) = -r**2 + 7*r - 5. What is i(2)?
5
Let c(q) = -q**3 + 24*q**2 - 23*q - 19. Determine c(23).
-19
Let h(n) = n**3 + 11*n**2 + 11*n + 5. Calculate h(-10).
-5
Let p(r) = -r**3 - 5*r**2 - 6*r - 5. What is p(-4)?
3
Let b(a) = -a - 13. Determine b(-5).
-8
Let m(y) = -y**2 - 9*y + 8. Calculate m(-7).
22
Let k(w) = -w**2 + 31*w + 41. Calculate k(33).
-25
Let u(v) = 7*v + 15. Calculate u(12).
99
Let b(x) = x**3 + 3*x**2 + 2*x - 1. What is b(-4)?
-25
Let i(y) = -4*y**3 - 2*y**2 - 8*y + 15. What is i(2)?
-41
Let k(r) = -r**2 + 38. What is k(0)?
38
Let k(c) = -c**3 + 14*c**2 - 16*c + 13. Determine k(13).
-26
Let d(a) = 2*a**2 + 12*a - 85. Give d(-10).
-5
Let m(b) = -b + 3. Calculate m(4).
-1
Let z(c) = 2*c**3 - 139*c**2 - 65*c - 350. Give z(70).
0
Let b(a) = -a**2 + 17*a + 42. Give b(19).
4
Let f(j) = 4*j + 3. What is f(2)?
11
Let p(d) = 5*d - 6. Give p(2).
4
Let k(n) = n**2 + 3*n + 1. What is k(-8)?
41
Let v(c) = 5*c**3 - 2*c**2 + 7*c - 10. Give v(2).
36
Let i(d) = 62*d - 182. What is i(3)?
4
Let t(k) = k**3 - 7*k**2 - 8*k - 4. Determine t(8).
-4
Let m(u) = 26*u - 104. Calculate m(5).
26
Let u(z) = z**3 - 4*z**2 + 5*z. What is u(4)?
20
Let l(z) = z**3 + 14*z**2 - 15*z - 1. Determine l(-15).
-1
Let z(f) = -f**3 - 8*f**2 + 2*f - 8. What is z(-8)?
-24
Let r(n) = -n**2 - 5*n + 1. What is r(-6)?
-5
Let f(l) = -2*l - 12. Give f(-8).
4
Let m(o) = -o**2 - 16*o - 57. Determine m(-9).
6
Let b(j) = 21*j + 7. Give b(-2).
-35
Let p(o) = -o**2 - 16*o + 61. Determine p(-19).
4
Let n(s) = -2*s**3 - 15*s**2 + 11*s + 35. Calculate n(-8).
11
Let o(u) = -u**3 - 3*u**2 + 4*u + 6. Determine o(-3).
-6
Let k(x) = x**3 + 5*x**2 + 3*x - 4. Calculate k(-4).
0
Let u(t) = t**3 - t**2 - 13*t + 12. Give u(4).
8
Let r(f) = -f**2 - 50*f - 181. Give r(-4).
3
Let a(r) = 11*r + 2. Determine a(-1).
-9
Let s(h) = -13*h + 99. Calculate s(9).
-18
Let t(w) = -w**2 - 16*w + 10. Give t(-13).
49
Let r(h) = 2*h - 12. Give r(7).
2
Let t(f) = 6*f - 287. Calculate t(47).
-5
Let f(t) = 2*t**3 + 15*t**2 - 5*t + 27. Determine f(-7).
111
Let z(v) = -v**2 - 4*v + 45. What is z(6)?
-15
Let o(h) = -3*h + 36. Calculate o(10).
6
Let w(x) = -16*x - 1. Give w(2).
-33
Let i(o) = o**3 + 12*o**2 + 12*o + 17. Calculate i(-11).
6
Let s(a) = -a**2 - 25*a + 49. Give s(-19).
163
Let o(d) = d**3 + 13*d**2 - 12*d + 30. What is o(-14)?
2
Let k(z) = -z**2 - z + 80. Give k(0).
80
Let r(k) = -22*k + 100. Calculate r(5).
-10
Let f(u) = u**3 + 17*u**2 + 34*u + 58. Calculate f(-15).
-2
Let t(m) = m + 12. What is t(0)?
12
Let d(r) = -r**3 - 8*r**2 + 12*r. Give d(-9).
-27
Let w(k) = -13*k + 69. Calculate w(3).
30
Let x(n) = 4*n**3 - 42*n**2 + 23*n - 27. Calculate x(10).
3
Let i(f) = -9*f - 94. Determine i(-9).
-13
Let o(n) = -7*n. Determine o(1).
-7
Let g(y) = 5*y + 18. What is g(0)?
18
Let r(x) = x**2 - 10*x - 328. Determine r(-14).
8
Let x(q) = -q**2 + q. Calculate x(0).
0
Let n(o) = o**3 + 2*o**2 - 9*o + 11. Give n(-5).
-19
Let w(x) = x**2 - 13*x + 4. What is w(15)?
34
Let z(u) = -u**3 - 5*u**2 + 4. What is z(-5)?
4
Let c(r) = 5*r**3 - 3*r**2 + r + 4. What is c(-2)?
-50
Let o(d) = 4*d - 4. Calculate o(6).
20
Let s(j) = j**2 - 28*j + 9. What is s(28)?
9
Let c(b) = b**2 - 20*b + 43. Give c(18).
7
Let z(o) = 3*o**2 - 7*o - 3. Calculate z(-4).
73
Let u(k) = -k**3 + 11*k**2 - 8*k - 15. What is u(10)?
5
L